e remainder when 65 is divided by q?
14
Suppose -11 = 2*v + 3. Let m(a) = -3*a - 10. Suppose f + 1 = -5*g + 9, 5*f + 4*g - 19 = 0. Calculate the remainder when m(v) is divided by f.
2
Let c = 1250 - 909. Calculate the remainder when c is divided by 69.
65
Suppose 3*p - 15 = -0*p. Suppose 0 = -m + 2*d, -3*m - 27 = -p*m - 5*d. Calculate the remainder when -2 - 33/m*-4 is divided by 12.
8
Let w(z) = -z**3 - 6*z**2 + 7*z. Let m be w(-7). What is the remainder when 3/(-2)*(388/(-6) - m) is divided by 20?
17
Suppose 0 = 38*h + 30 - 410. Calculate the remainder when 61 is divided by h.
1
Let o be 2/(-8)*-3*4. Suppose -o*z + 48 = 5*h, -h + 2*z + 0*z = -7. Calculate the remainder when h is divided by 3.
0
Suppose -4*v + 2*u = -3*v - 66, -4*v - 4*u = -252. Suppose v = p + 3*p. Calculate the remainder when -3 + 3/3 - -33 is divided by p.
15
Let w = 24 + -15. Let t(h) = -h - 5. Let g be t(w). Let k = 36 - g. Calculate the remainder when k is divided by 26.
24
Let a = -43 - -57. Let u be 2/(-6) + (-56)/(-6). Suppose -336 - u = -5*c. Calculate the remainder when c is divided by a.
13
Suppose 16*x = -42*x + 17574. Calculate the remainder when x is divided by 77.
72
Let s(y) = -y**3 + 9*y**2 + 28*y - 2. Suppose 3*f = -4*k + 46, 13 + 8 = k - 4*f. Calculate the remainder when s(11) is divided by k.
12
Suppose -3*r + 4*j + 13 + 65 = 0, 2*r - 5*j = 52. What is the remainder when 41 is divided by r?
15
Suppose 0 = -2*j - 2*j - 4. What is the remainder when (j + 2)*(-98)/(-14) is divided by 2?
1
Let s(y) = -y**2 - 5*y + 6. Let r(h) = 2*h**2 + 11*h - 12. Let d(q) = -6*r(q) - 13*s(q). Let v = 68 + -62. What is the remainder when 46 is divided by d(v)?
22
Let y(d) = -20*d - 847. Calculate the remainder when 0 - 1/(2/(-202)) is divided by y(-43).
10
Suppose 2*r - 6 = 8. Suppose 0*x = -r*x + 119. Let f = -17 - -24. What is the remainder when x is divided by f?
3
Suppose 2*d - 6 - 32 = -4*t, 4*t - 2*d = 42. Suppose -4 - 4 = -2*w. Suppose -90 = -p - w*p. Calculate the remainder when p is divided by t.
8
Suppose -4*h = -321 + 129. Calculate the remainder when h is divided by (0 + 17/(-3))*-3.
14
Let s = 11 - -16. Let n = s - 14. What is the remainder when 298/8 + (-2)/8 is divided by n?
11
Suppose 4*y + y = 0, -144 = 3*r + 5*y. Let w = r + 58. What is the remainder when 45 is divided by w?
5
Let h = -5 + 8. Suppose 0 = -0*m + h*m - 33. Suppose -60*k + 1368 = -8*k + 276. Calculate the remainder when k is divided by m.
10
Suppose 0 = -5*y - 4*m - 537, -3*y + 5*m - 166 - 134 = 0. Let x = y + 124. What is the remainder when 94 is divided by x?
18
Let l(c) = 6*c - 15. Calculate the remainder when l(7) is divided by 8.
3
Suppose -4*x + 5 = 33. Let q be 1/x - 710/(-70). What is the remainder when 46 is divided by ((-32)/q)/((-16)/40)?
6
Suppose -5*c + 129 - 9 = 0. What is the remainder when (2/10)/((-17)/(-7565)) is divided by c?
17
Suppose -4*f + 0*x + 144 = -2*x, -4*f = 4*x - 156. Suppose 11 = -2*z + f. Calculate the remainder when 75 is divided by z.
10
Let n be (2*-8)/(8/868). Let h be ((-2)/(-4))/((-7)/n). Suppose 0*d = 2*d - h. What is the remainder when d is divided by 16?
14
Let d(r) = 2*r**2 + 6*r - 2. Let f(a) = a**3 - 5*a**2 + 11*a + 2. Let o be f(6). Let v = o - 34. What is the remainder when v is divided by d(-5)?
16
Suppose 0 = 6*r - 6674 + 6632. Calculate the remainder when 45 is divided by r.
3
What is the remainder when 59 is divided by 720/32*8/6?
29
Suppose 27*a - 759 = -6*a. Calculate the remainder when a is divided by 13.
10
Calculate the remainder when 2 + 8 - (3 - 1)*-2 is divided by 10.
4
What is the remainder when 254 is divided by -14*(-286)/77 + (0 - 0)?
46
Suppose -5*c + 2154 = -91. Suppose 4*q = -c - 263. Calculate the remainder when 66 is divided by q/(-10) - (-4)/(-5).
15
Let x = 477 - 464. Let a(c) = 5*c - 2. What is the remainder when x is divided by a(2)?
5
Let h = 21 + 53. Let x(m) = m**3 - 3*m**2 - 8*m + 5. Calculate the remainder when h is divided by x(5).
14
Let f be (5 - 4)*60 - -3. Calculate the remainder when 1 is divided by ((-21)/f)/(2/(-6)).
0
Let y(n) = -n**2 - 3*n + 2. Let c be y(-4). Suppose 64 = 3*r + p, 3*r + 2*p - 62 = -0*r. Calculate the remainder when 63 - (c/1 + 2) is divided by r.
19
Let s(l) = -26*l + 16. Let u(w) = -5*w + 3. Let o(j) = -2*s(j) + 11*u(j). What is the remainder when 20 is divided by o(-2)?
6
Let v = 34 + -28. Calculate the remainder when 21 + (1 - 1 - -1) is divided by (-12)/v + (-10)/(-1).
6
Let x = 27 + 8. Calculate the remainder when 154 is divided by x.
14
Let x = -133 - -98. Let y = x - -46. What is the remainder when y is divided by 3?
2
Suppose -3018 = -14*s + 8*s. Calculate the remainder when s is divided by 24.
23
Suppose -2551 = -4*p - 5*z, 10*z - 5*z - 1273 = -2*p. What is the remainder when p is divided by 8?
7
Let o(d) = 4*d**2 - 18*d + 3. What is the remainder when o(5) is divided by 2?
1
Let z(o) = 5*o**3 - o**2 - o + 1. Let v(n) = -n**2 - 9*n - 1. Let y be v(-9). Let m be z(y). Let i = m + 19. Calculate the remainder when i is divided by 7.
1
Let j = 161 - 105. Suppose 5*o + 1 = j. Suppose -5*m + 59 + o = 0. Calculate the remainder when 41 is divided by m.
13
Let k = 1423 + -1232. What is the remainder when k is divided by 13?
9
Let c(t) = 25*t**2 + 9*t + 9. Calculate the remainder when 1454 is divided by c(-2).
89
Let o = 8 - 6. Suppose 3*i + o*s = 362, 0 = -i - s - s + 126. Let u = -57 + i. What is the remainder when u is divided by 21?
19
Let b(t) = -7 + 5*t + 4*t - t**3 + 10*t**2 + 2*t**3. Calculate the remainder when b(-8) is divided by ((-1482)/(-171))/((-2)/(-6)).
23
Let w be -1*(-2)/(-4)*16. Let m = w + 8. Let a = 26 + m. Calculate the remainder when 76 is divided by a.
24
Suppose p + 9 = 2*u - 32, 2*u - 2*p = 38. Calculate the remainder when 62 is divided by u.
18
Let c = -52 - -74. What is the remainder when 598/c + (-4)/22 is divided by 14?
13
Let v(g) = -6*g - 3. Let l(b) = -b**2 + 18*b + 9. Let x(a) = -2*l(a) - 7*v(a). What is the remainder when x(-4) is divided by 4?
3
Calculate the remainder when 15 is divided by (-19 + 40)/((-28)/(-8)).
3
What is the remainder when 6 + -1 + (59 - 21) is divided by 18?
7
Let b(y) = 10*y - 64. Let l be b(16). Let i = 102 - l. Calculate the remainder when 11 is divided by i.
5
Let b = -364 - -435. What is the remainder when 138 is divided by b?
67
What is the remainder when 3264/78 + 1 - (-2)/13 is divided by 24?
19
Let r = -97 + 179. Calculate the remainder when r is divided by (18 + -1)*2/2.
14
Let c = 24 - 29. Calculate the remainder when 60/8*(3 - c) is divided by 21.
18
Suppose -2*u + 135 = 5*p, -p - 3 = -u + 54. Let i(l) = -5*l - 21. Calculate the remainder when u is divided by i(-7).
4
Let b = -782 + 821. Calculate the remainder when 72 is divided by b.
33
Let o = -116 - -79. Suppose 0 = 4*a + 417 - 9. Let n = o - a. What is the remainder when n is divided by 22?
21
Suppose -31*u - 183 + 896 = 0. What is the remainder when u is divided by 2/(-10) + (-51)/(-5)?
3
Let f(d) = -3*d - 10. Suppose -3*y = -2*y - 5*q + 12, 2*q = 2. Suppose 5*c - 226 = -4*t, 134 = 3*c + 2*t - 0*t. What is the remainder when c is divided by f(y)?
9
Suppose 52 = 2*x + 3*t, -4*t - 95 = -3*x - 0*x. What is the remainder when 400 is divided by x?
23
Let o = -11 + 17. Suppose o*g - g + 115 = 0. Let y = 20 - g. Calculate the remainder when y is divided by 22.
21
Suppose 0 = 10*y - 4*y - 822. Let p = y + -97. What is the remainder when p is divided by 14?
12
Let q be 6/33 + 27704/88. Suppose -2*h = 6, -3*n - h = -n - q. Let p = n - 68. Calculate the remainder when p is divided by 23.
22
Let t(b) = -3*b**3 - 4*b**2 - 18*b - 2. Let o be t(-4). Let z = o + -60. What is the remainder when z is divided by 20?
18
Let q(k) = 11*k**2 - 5*k - 7. Let d(a) = 6*a**2 - 3*a - 4. Let l(t) = -7*d(t) + 4*q(t). Let r = -96 - -94. What is the remainder when 12 is divided by l(r)?
0
Let j = -86 + 128. Let k = j + -29. What is the remainder when 62 is divided by k?
10
Let d(q) = -9*q**2 - 2*q + 6. Let g(o) = o - 5. Let r be g(11). Let b be d(r). Calculate the remainder when (1/(-2))/(5/b) is divided by 17.
16
Suppose -5*f + 5*y = -1890, -3*f + 4*y + 0*y + 1137 = 0. Calculate the remainder when f is divided by 38.
33
Calculate the remainder when (-588)/(-4) - (-9)/((-12)/4) is divided by 26.